. What are the prime factors of z(3)?
3, 7, 191
Suppose -40770 = 24*u - 12090. Let l = -315 - u. What are the prime factors of l?
2, 5, 11
Let l be 13/11 + (2 - (-168)/(-77)). List the prime factors of (-520)/l*(-5 + 3).
2, 5, 13
Let p(b) = b**3 + 3*b + 16. Let j be p(0). Suppose 504 = -2*h + j*h. List the prime factors of h.
2, 3
Let y(a) = 2*a**2 + 16*a + 16. Let v be y(-7). Suppose 8*q + 243 = 9*q + v*m, -2*m = -4*q + 922. What are the prime factors of q?
233
Let a = -16152 + 22617. List the prime factors of a.
3, 5, 431
Let q be 12*(-2 - 18/(-8)) + 6. Suppose -32 = -4*b + 3*g, -q = -b + 2*g - g. Suppose 0 = m + 2*u - 78, -2*u - u = b*m - 355. List the prime factors of m.
2, 17
Suppose 9*v - 126 - 477 = 0. Suppose 12 - v = -5*f. What are the prime factors of f?
11
Let w(b) = -2*b**2 + 21*b + 14. Let j be w(11). Let v be j - (-5)/(-10)*18. What are the prime factors of (v/(-5))/((-17)/(-1615))?
2, 3, 19
Suppose 6*c - 35*c + 347924 = -764429. What are the prime factors of c?
11, 317
What are the prime factors of -30 + 7 + (1 - -76150)?
2, 3, 13, 61
Suppose -3*r = -3*l - 12 - 3, 4*r = -3*l - 8. What are the prime factors of (-27612)/(-36) + (-2)/r?
3, 5, 17
Let k be 9/(-21) + (-76)/(-14). Suppose -3*s + 1316 = 2*v, 2*v = -k*s + 3*v + 2215. Let c = s - 191. List the prime factors of c.
251
Let p be 284 - (-6*(-1)/3 - 4). Let b be (-4)/(-14) - p/(-77). Suppose 2*q - 5*h - 101 = -b*h, 3*h - 47 = -q. List the prime factors of q.
2, 5
Suppose 353*z + 163394 = 367*z. What are the prime factors of z?
11, 1061
Let v(q) = 854*q**3 + 2*q**2 - 89*q + 169. What are the prime factors of v(2)?
3, 11, 23
What are the prime factors of (18 + -50)/4 - -21994?
2, 10993
Let n(x) = 2*x**3 - 2*x**2 - 9*x + 5. Let y be n(3). Let o(l) = 2*l**3 - 28*l**2 + l - 11. Let c be o(y). What are the prime factors of -4 - 18/(42/15 - c)?
2, 43
Let s(l) be the second derivative of l**4/3 + 11*l**3/6 + 16*l**2 + l + 6. List the prime factors of s(-7).
151
Let r(u) = -3*u**3 - 52*u**2 + 48*u + 139. List the prime factors of r(-24).
7, 19, 79
Let n = -21 - -33. Let v = n + -9. Suppose -v*h + 308 = -181. List the prime factors of h.
163
Let m(h) = 23*h - 1 - 6 + 9*h + 4*h. Let k be m(4). Let u = k + -93. List the prime factors of u.
2, 11
Let w = 413 - 259. Let o = -6 + w. Let c = o + -24. List the prime factors of c.
2, 31
Suppose 0*u + 480 = 12*u. Let f be 164/(-10) + (176/u - 4). What are the prime factors of (-2)/((-4)/(-310))*16/f?
5, 31
Let d be 164/16 - 1/4. Let w(u) = -u**3 - 2*u**2 + u + 495. Let l be w(0). Suppose r + l = d*r. What are the prime factors of r?
5, 11
Let v be (1 + -4)/(3 + -2) - 1986. Let z = v - -2904. What are the prime factors of z?
3, 5, 61
Let h(q) = 3*q - 14. Let x be 10*(12/5)/4. Let y be h(x). Suppose -u + 0 + 110 = k, -2*u + 228 = y*k. What are the prime factors of u?
2, 53
Suppose 146 = -0*l + 4*l + 5*q, 76 = 2*l + 4*q. Let z be -1 + 1 - (10/(-5) - 0). Let a = l + z. What are the prime factors of a?
2, 3
Suppose 0 = -6*q + 10*q + x - 7, 5 = -x. Let n(y) = 4*y**2 - 2*y + 11. What are the prime factors of n(q)?
41
What are the prime factors of 366/((-5)/(855/(-18)))?
3, 19, 61
Let b = -6670 - -9871. List the prime factors of b.
3, 11, 97
Let a = 32 + -10. Suppose 150 = 2*j + a. Let v = 140 - j. List the prime factors of v.
2, 19
Let o(n) = n**3 - 12*n**2 + 12*n - 13. Let q be o(11). Let d be -4 - (-7)/1 - (q + 5). Suppose 3*a - 2*a - 104 = d. List the prime factors of a.
2, 13
Let h = 437 + -433. Suppose 1569 = q + 4*q + h*x, -q = -5*x - 337. List the prime factors of q.
317
Let t(h) = h**2 + h**2 - 2 - h + 2*h - 8*h. Suppose 7*i - 112 = 23*i. What are the prime factors of t(i)?
5, 29
What are the prime factors of ((-1838)/(-12))/((-8)/(-336))?
7, 919
Let d = 314 + -314. Suppose 456*i - 450*i - 5964 = d. What are the prime factors of i?
2, 7, 71
Let r(k) = 4*k + 75. Let p be r(-18). Suppose -654 = -p*m - 288. List the prime factors of m.
2, 61
Suppose -143*t + 32*t + 1559720 = -2075641. List the prime factors of t.
3, 1213
Let z(u) = -2*u**2 - u + 1. Let l(s) = -5*s**2 - 2*s - 396. Let q(f) = -l(f) + 4*z(f). What are the prime factors of q(0)?
2, 5
Suppose 3*x - 15*x = -504. Let h = x - 41. Suppose 3*r + h = 127. What are the prime factors of r?
2, 3, 7
Let c(y) = -10*y + 193. Let l(f) = 11*f - 192. Let q(m) = -4*c(m) - 3*l(m). List the prime factors of q(35).
7
Let f = 159 + -129. List the prime factors of (-1954)/(4 - f/5).
977
Let k(t) = t**2 - t. Let s be k(2). Let p be -1*(s - 0)/((-4)/8). Let v(i) = -i + 13. What are the prime factors of v(p)?
3
What are the prime factors of 7*(4/18 - (-19)/(-342)*-58874)?
7, 3271
Let x be 2 + (-12)/(-2) + -25 + 21. Let l be -4 + (-1)/(x/(-16)) - -38. Suppose -3*h + 3*g = -192, -5*h - 4*g = l - 403. List the prime factors of h.
3, 23
Let x(q) = -125*q + 13. Let d = 125 - 126. List the prime factors of x(d).
2, 3, 23
What are the prime factors of (-158)/(18/24 + (-1043)/1316)?
47, 79
What are the prime factors of (-19)/((-114)/(-2364))*(-22)/4?
11, 197
Suppose 3*y = o - 20, 3*y - 5*y = -o + 15. Let t = 0 + o. Suppose -4*z = 5*d - 666, -2*d + 4*z - 406 = -t*d. List the prime factors of d.
2, 5, 13
Let p = 197 - 120. Suppose -71 = 2*n - p. List the prime factors of n.
3
Suppose f + 4*y - 5701 = 0, 5*f - 4*y = 13113 + 15344. List the prime factors of f.
5693
Let s(q) = -q**3 - q**2 - 3*q - 1032. Let t be s(0). Let h = -479 - t. List the prime factors of h.
7, 79
Suppose 4*l = 15*l - 99. Let t be l/3 - (0 - 1). Let z(b) = -b**3 + 12*b**2 + 3*b + 1. What are the prime factors of z(t)?
3, 47
Suppose -4 + 10 = 2*q. Suppose -o = q*o - 16, -3*k - 4*o = -1237. List the prime factors of k.
11, 37
List the prime factors of 7 - 35876/(((-52)/(-39))/(2 - 4)).
107, 503
Let i(g) = -246*g**3 - 35*g**2 - 293*g + 35. List the prime factors of i(-6).
7, 11, 17, 41
Let b(v) = -v**3 + 3*v**2 - v. Let k be b(2). Suppose 0 = 13*d - 14*d + k. Suppose -d*y = t - 228, y + 0*t - 115 = -t. What are the prime factors of y?
113
Let f(j) = -j**3 - j**2 - 6*j - 6. Suppose 4*b + 7 = -5. Let a be f(b). Suppose 6*o - a = 5*o. What are the prime factors of o?
2, 3, 5
Let a = -920 - -925. Suppose a*n - 6*n - 1565 = -5*f, -4*n = 3*f - 962. What are the prime factors of f?
2, 157
Let s = -15 - -23. Suppose s*i = -366 + 3230. List the prime factors of i.
2, 179
Suppose -5*l = -492 + 487, 5*l - 43889 = -4*f. List the prime factors of f.
3, 23, 53
Suppose 14*p = 451 + 123. Suppose -p*g = -44597 + 12453. What are the prime factors of g?
2, 7
Let b = 1954 + -332. What are the prime factors of b?
2, 811
Let v = 7891 - -2144. List the prime factors of v.
3, 5, 223
Suppose 778*s + 12 = 784*s. Suppose -s*z - m + 162 = 0, -3*m - 178 = 2*z - 4*z. What are the prime factors of z?
83
Let g(q) = 85*q**2 + 125*q + 1949. What are the prime factors of g(-19)?
30259
Let u(p) = 5*p**2 - 2*p + 14. Let m(v) = -v**3 + 12*v**2 - 23*v + 25. Let d be m(10). List the prime factors of u(d).
149
Let a(q) = -55*q - 118. Let n(o) = 50*o + 119. Let k(c) = -3*a(c) - 4*n(c). What are the prime factors of k(-12)?
2, 149
Let l(w) = w**2 + 4*w - 10. Let m be l(2). Suppose m*s = -12*p + 11*p + 496, 5*s = -3*p + 1488. List the prime factors of p.
2, 31
Suppose 0 = -l + 3*s + 7, -5*s + 21 = 3*l - 2*s. Suppose 3*h + l = 7. Suppose 5*d - 2*u - 609 = h, 0*u = 4*d + 2*u - 480. What are the prime factors of d?
11
Suppose 18 = 8*f - 10*f. List the prime factors of 1068/(-10)*30/f.
2, 89
Suppose 285*b - 282*b - 14229 = 0. What are the prime factors of b?
3, 17, 31
Suppose -d - d = 4*p + 1328, -2*p + 2024 = -3*d. Let c be 130/4*(d/(-20))/(-6). List the prime factors of ((-24)/(-15))/((-4)/(-10)) - c.
2, 3, 31
Let u be 1/5 + (-240)/(-50). Suppose 2*m - 25 = u*i + 516, -4*m - i = -1049. List the prime factors of m.
263
Let q be ((-99)/(-6) + 1)*(-168)/(-49). Suppose 3*m - q = -7*m. Suppose -m*k - 5*k + 1551 = 0. List the prime factors of k.
3, 47
Let g(k) = 12*k + 17. Suppose 2*m = 66 - 20. Let b be g(m). Let t = b - 105. What are the prime factors of t?
2, 47
Suppose 36*v - 657162 = -63*v. List the prime factors of v.
2, 3319
Suppose t - 4 = 2*l, 2*t = 5*t - 5*l - 13. Suppose 4*o - 18 = -t. Suppose -426 = -o*z - 72. List the prime factors of z.
2, 59
Let a = 73 + -73. Suppose -5*z - 338 + 126